27).
-3
Let a(m) = 16*m - 12. What is a(-7)?
-124
Let u(i) = i**2 + 27*i - 159. Give u(-30).
-69
Let q(t) = -31638*t - 221469. Determine q(-7).
-3
Let x(w) = w**3 + 81*w**2 - 117*w - 2865. Give x(-82).
5
Let r(b) = b**2 - 18*b + 83. What is r(6)?
11
Let x(i) = -306*i + 601. Determine x(2).
-11
Let u(l) = l**2 - 27*l - 451. Calculate u(-17).
297
Let f(n) = -155*n**3 + 1548*n**2 + 18*n + 24. Calculate f(10).
4
Let o(q) = 1748*q + 17492. Give o(-10).
12
Let x(q) = 8*q**2 - 78*q + 183. Calculate x(4).
-1
Let o(c) = 3*c**2 - 22*c - 89. Give o(-3).
4
Let h(g) = 2*g**3 - g**2 + 3*g - 1. Calculate h(2).
17
Let j(b) = b**3 + 9*b**2 - 7*b - 132. What is j(-6)?
18
Let q(d) = -254*d + 1012. Give q(4).
-4
Let l(c) = 701*c + 6157. Calculate l(-9).
-152
Let g(q) = -38*q + 336. Give g(15).
-234
Let q(t) = -49*t + 102. Give q(-4).
298
Let a(s) = 2*s**3 - 9*s**2 + 4*s - 39. Give a(7).
234
Let z(q) = -q**2 - 19*q - 57. Calculate z(-15).
3
Let y(a) = -a**3 - 21*a**2 - 52*a - 281. Calculate y(-19).
-15
Let t(w) = -w**3 + 9*w**2 + 42*w - 265. Calculate t(11).
-45
Let h(a) = 2402*a**2 - 7200*a - 3. Calculate h(3).
15
Let r(z) = 36*z - 595. Give r(26).
341
Let k(y) = -y**3 - 12*y**2 - 4*y - 59. Give k(-12).
-11
Let o(f) = -f**2 + 6*f - 304. Calculate o(0).
-304
Let v(q) = 15*q**3 - 89*q**2 - 16*q - 19. What is v(6)?
-79
Let f(p) = -174*p - 3301. Give f(-19).
5
Let y(j) = -56*j + 918. Calculate y(16).
22
Let j(t) = 21*t - 296. What is j(18)?
82
Let k(w) = 1184*w - 3565. Determine k(3).
-13
Let a(c) = c**2 + 208*c + 10081. Give a(-77).
-6
Let d(v) = v**2 + 91*v + 1315. Determine d(-73).
1
Let j(i) = -i**2 - 2236*i + 26972. Calculate j(12).
-4
Let q(k) = 4*k**3 - 8*k**2 - 34*k + 13. Calculate q(4).
5
Let o(j) = -93*j - 1293. Calculate o(-14).
9
Let v(q) = q**3 + 37*q**2 - 87*q + 205. Calculate v(-39).
556
Let v(u) = 163*u - 1942. What is v(12)?
14
Let d(a) = -a**3 + 23*a**2 + 296*a - 6529. Determine d(24).
-1
Let o(j) = 16*j**3 - 2*j**2 + 53*j + 56. Give o(-1).
-15
Let d(q) = -q**2 + 979*q - 7774. What is d(8)?
-6
Let o(k) = 3*k**2 - 368*k + 1429. Calculate o(4).
5
Let b(a) = -a**3 - 52*a**2 + 2*a - 26. Calculate b(-52).
-130
Let d(v) = 4*v**2 - 53*v - 217. What is d(-4)?
59
Let r(o) = -o**3 + 65*o**2 - 124*o - 185. Determine r(63).
-59
Let p(i) = -2*i**2 + 44*i + 58. What is p(26)?
-150
Let b(v) = -v**3 + 56*v**2 - 274*v + 26605. Determine b(59).
-4
Let s(l) = l**2 - 176*l + 6359. Determine s(51).
-16
Let i(a) = -a**3 + 10*a**2 - 53*a + 43. Calculate i(1).
-1
Let y(f) = -3*f - 67. What is y(12)?
-103
Let k(j) = 211*j - 2704. What is k(13)?
39
Let o(i) = i**3 - 230*i**2 + 496*i - 9114. Calculate o(228).
6
Let b(u) = 10*u**2 + 49*u + 16. Calculate b(-6).
82
Let i(h) = -1661*h + 14934. Give i(9).
-15
Let c(f) = -137*f**3 - 3*f**2 - 4*f - 2. Determine c(-1).
136
Let p(w) = 5*w**2 + 516*w - 6. Calculate p(-103).
-109
Let m(b) = -1851*b + 20372. What is m(11)?
11
Let i(x) = 20*x**2 + 3*x + 8. Calculate i(-2).
82
Let m(k) = 265*k + 2831. Give m(-11).
-84
Let z(i) = -2*i**2 + 2*i + 262. Calculate z(12).
-2
Let j(d) = -146*d - 660. Calculate j(-6).
216
Let a(v) = -2*v**2 - 510*v - 6277. What is a(-242)?
15
Let b(a) = a**2 + 33*a + 277. Determine b(-17).
5
Let x(s) = 2*s**3 - 7*s**2 - 32*s + 110. Determine x(4).
-2
Let r(k) = 362*k + 73493. Give r(-203).
7
Let n(g) = 12*g - 2. What is n(16)?
190
Let s(h) = 7*h**3 + 90*h**2 - 19*h - 75. Determine s(-13).
3
Let a(z) = z**3 + 28*z**2 - 60*z + 35. What is a(-30)?
35
Let x(w) = -88*w + 1062. Determine x(11).
94
Let r(i) = i**3 - 10*i**2 + 20*i - 104. What is r(9)?
-5
Let c(i) = -2*i**3 - 6*i**2 + 17*i + 85. Determine c(-4).
49
Let k(c) = -2*c - 394. Give k(-20).
-354
Let v(x) = 23*x - 88. Determine v(4).
4
Let k(r) = 4*r**2 + 48*r + 43. Determine k(-11).
-1
Let l(f) = -759*f**2 + 16*f - 1. Give l(1).
-744
Let w(s) = -11*s - 3. Calculate w(1).
-14
Let c(n) = n**2 - 51*n + 285. Give c(45).
15
Let y(b) = -8928*b + 17854. Calculate y(2).
-2
Let c(x) = -3*x**3 + 15*x**2 + 12*x - 63. What is c(5)?
-3
Let o(p) = -p**2 - 63*p - 877. Calculate o(-21).
5
Let q(s) = -20*s + 1313. Calculate q(68).
-47
Let v(o) = -2*o**2 - 23*o - 39. Give v(-14).
-109
Let n(y) = 4*y**3 - 47*y**2 + 40*y - 59. Calculate n(11).
18
Let j(d) = 2*d**3 - 8*d**2 + 97*d - 251. What is j(3)?
22
Let z(d) = -65*d - 1258. Calculate z(-19).
-23
Let x(h) = -2*h**3 + 9*h**2 - 15*h + 24. What is x(5)?
-76
Let s(j) = -249*j - 1019. Calculate s(-4).
-23
Let v(p) = -30*p + 352. Calculate v(24).
-368
Let o(v) = v**2 - 26*v + 116. Give o(20).
-4
Let n(u) = 2*u**3 + 5*u**2 - 13*u - 23. Calculate n(-5).
-83
Let g(l) = 5*l**2 - 17*l - 16. Give g(7).
110
Let z(d) = -13*d**2 - 110*d - 212. Determine z(-6).
-20
Let m(g) = -16*g**2 + 178*g - 29. What is m(11)?
-7
Let j(w) = -97*w**2 - 386*w + 6. Calculate j(-4).
-2
Let k(p) = -p**2 + 5181*p + 5180. Determine k(-1).
-2
Let i(v) = 49*v + 926. Calculate i(-19).
-5
Let c(b) = 2*b**3 - 18*b**2 + 19*b - 12. Determine c(8).
12
Let q(s) = 2*s**3 - 7*s**2 - 6*s + 18. What is q(6)?
162
Let j(b) = -b**3 - 10*b**2 + 12*b - 18. Give j(-11).
-29
Let b(l) = -14*l**3 - l**2 - 2*l - 7. Give b(-3).
368
Let u(g) = 44*g - 102. Calculate u(7).
206
Let r(o) = -o**3 + 22*o**2 - 19*o - 29. Calculate r(22).
-447
Let w(g) = -g**2 - 23*g + 3. Calculate w(-11).
135
Let w(c) = 181*c**2 + 1273*c + 43. What is w(-7)?
1
Let u(j) = -3*j**2 + 143*j + 10. What is u(43)?
612
Let l(c) = 3*c**2 - 263*c - 97. Calculate l(88).
-9
Let f(d) = 13*d - 44. What is f(27)?
307
Let m(r) = r**3 + 231*r**2 + 9916*r - 344. Calculate m(-174).
4
Let o(u) = -6961*u - 111384. Calculate o(-16).
-8
Let i(k) = k**3 + 20*k**2 + 781*k + 15656. Calculate i(-20).
36
Let n(u) = -1899*u + 1877. Calculate n(1).
-22
Let j(t) = 14*t**2 - 7*t + 4. What is j(4)?
200
Let x(l) = 2*l**2 + 182*l - 8207. Give x(-124).
-23
Let o(d) = -d**2 + 10*d + 38. What is o(-3)?
-1
Let t(v) = -v**3 - 8*v**2 + 5*v + 96. What is t(-6)?
-6
Let t(o) = o**3 - 18*o**2 - 175*o - 33. What is t(25)?
-33
Let y(v) = v**3 + 34*v**2 - 197*v + 6. Give y(5).
-4
Let j(r) = 2271*r - 13514. Give j(6).
112
Let k(w) = 5*w**2 - 47*w + 13. Calculate k(9).
-5
Let n(j) = -8*j + 658. Give n(41).
330
Let n(a) = 2*a - 66. Give n(27).
-12
Let l(j) = 218*j**2 + 218*j + 3. What is l(-1)?
3
Let h(l) = -l**3 - 76*l**2 - 358*l - 218. What is h(-71)?
-5
Let m(w) = -5*w**2 + 23*w + 24. Give m(7).
-60
Let y(c) = 35*c - 275. Give y(5).
-100
Let q(x) = 6*x**2 + 33*x + 46. Determine q(-6).
64
Let w(c) = 33*c - 223. Determine w(8).
41
Let d(r) = r**3 - 123*r**2 + 130*r - 978. Give d(122).
-2
Let r(p) = p**2 + 1262*p + 11349. Determine r(-9).
72
Let y(s) = -355*s + 108279. Give y(305).
4
Let v(f) = 17*f - 67. Calculate v(5).
18
Let p(b) = -2*b**3 - 29*b**2 - 115*b - 663. Determine p(-12).
-3
Let v(l) = -l**3 + 14*l**2 + 608*l - 72. Calculate v(32).
952
Let y(o) = -2*o**3 + 5*o**2 + 61*o - 128. Give y(2).
-2
Let l(u) = u**3 + 24*u**2 + 22*u + 16. Give l(-23).
39
Let s(m) = -52*m - 619. Calculate s(-12).
5
Let v(d) = -5388*d + 96990. Calculate v(18).
6
Let m(t) = -2*t**3 + 8*t**2 - 11*t - 39. Give m(-2).
31
Let c(n) = -n**2 + 47*n - 552. Give c(33).
-90
Let u(b) = 42*b - 55. Determine u(2).
29
Let m(q) = -37*q - 1047. What is m(-29)?
26
Let x(g) = -13*g + 305. Calculate x(24).
-7
Let s(l) = -l**2 - 379*l + 14035. What is s(34)?
-7
Let s(b) = -2*b**3 + 24*b**2 + 38*b - 465. Determine s(12).
-9
Let y(i) = 39*i + 2726. What is y(-70)?
-4
Let u(s) = -6*s**2 - 10*s + 105. Calculate u(-9).
-291
Let y(i) = i**2 + 11*i - 36. What is y(4)?
24
Let u(f) = 2151*f + 47325. Give u(-22).
3
Let b(z) = 39*z + 759. Calculate b(-23).
-138
Let t(b) = -5*b**2 - 564*b - 447. Determine t(-112).
1
Let d(z) = z**3 - 13*z**2 + 5*z + 52. What is d(12)?
-32
Let b(d) = -d**3 + 29*d**2 - 165*d - 25. Determine b(9).
110
Let h(s) = -s**3 + 19*s**2 - 10*s + 164. Calculate h(19).
-26
Let k(j) = 38*j**2 + 1785*j - 56. Give k(-47).
-9
Let h(x) = -4*x**2 + 4*x + 20. What is h(-4)?
-60
Let q(j) = -3*j - 172. What is q(-10)?
-142
Let g(k) = -k**3 - 126*k**2 - 242*k + 685. What is g(-124)?
-59
Let y(c) = -3*c**2 - 31*c - 102. Determine y(-8).
-46
Let g(l) = l**3 + 10*l**2 - 18*l - 268. Give g(-10).
-88
Let k(i) = 6*i**2 + 254*i + 257. Calculate k(-1).
9
Let j(s) = 2*s**3 - 2*s**2 - 2. Calculate j(2).
6
